divided by 24356?
1
Calculate the remainder when 740517 is divided by 1870.
1867
Calculate the remainder when 89660 is divided by 63.
11
What is the remainder when 74615 is divided by 75?
65
Calculate the remainder when 3004 is divided by 495.
34
Calculate the remainder when 4845 is divided by 53.
22
Calculate the remainder when 2138 is divided by 4.
2
Calculate the remainder when 83233 is divided by 96.
1
Calculate the remainder when 89461 is divided by 17886.
31
Calculate the remainder when 1902457 is divided by 167.
160
What is the remainder when 41125 is divided by 1037?
682
Calculate the remainder when 1326 is divided by 1004.
322
What is the remainder when 13020 is divided by 59?
40
Calculate the remainder when 423717 is divided by 12.
9
What is the remainder when 16258 is divided by 196?
186
What is the remainder when 14149 is divided by 337?
332
Calculate the remainder when 632 is divided by 151.
28
Calculate the remainder when 583720 is divided by 9.
7
What is the remainder when 162217 is divided by 78?
55
What is the remainder when 751977 is divided by 5?
2
What is the remainder when 1957 is divided by 15?
7
Calculate the remainder when 34469 is divided by 18.
17
Calculate the remainder when 35086 is divided by 429.
337
Calculate the remainder when 44691 is divided by 723.
588
What is the remainder when 33988 is divided by 41?
40
Calculate the remainder when 369947 is divided by 71.
37
What is the remainder when 113974 is divided by 97?
96
Calculate the remainder when 9768 is divided by 696.
24
Calculate the remainder when 120284 is divided by 4.
0
Calculate the remainder when 32210 is divided by 17.
12
What is the remainder when 6194 is divided by 817?
475
What is the remainder when 3274 is divided by 3?
1
What is the remainder when 927299 is divided by 163?
155
Calculate the remainder when 469 is divided by 41.
18
What is the remainder when 9398 is divided by 17?
14
What is the remainder when 6811 is divided by 17?
11
What is the remainder when 7631 is divided by 7628?
3
What is the remainder when 35463 is divided by 2216?
7
What is the remainder when 28450 is divided by 4063?
9
Calculate the remainder when 12072 is divided by 2326.
442
What is the remainder when 3696 is divided by 715?
121
What is the remainder when 57109 is divided by 207?
184
What is the remainder when 879 is divided by 75?
54
What is the remainder when 11181 is divided by 151?
7
What is the remainder when 9078 is divided by 1071?
510
What is the remainder when 2868 is divided by 249?
129
Calculate the remainder when 7744 is divided by 3868.
8
What is the remainder when 7388 is divided by 1476?
8
Calculate the remainder when 26237 is divided by 1773.
1415
What is the remainder when 5244 is divided by 38?
0
Calculate the remainder when 233860 is divided by 323.
8
Calculate the remainder when 108487 is divided by 1695.
7
What is the remainder when 5984 is divided by 648?
152
Calculate the remainder when 344916 is divided by 6.
0
Calculate the remainder when 10474 is divided by 23.
9
What is the remainder when 52166 is divided by 44?
26
Calculate the remainder when 484 is divided by 123.
115
Calculate the remainder when 55783 is divided by 374.
57
What is the remainder when 8741 is divided by 679?
593
Calculate the remainder when 7210 is divided by 533.
281
What is the remainder when 3289 is divided by 1314?
661
Calculate the remainder when 48197 is divided by 482.
479
Calculate the remainder when 775 is divided by 151.
20
Calculate the remainder when 4885 is divided by 104.
101
Calculate the remainder when 645567 is divided by 81.
78
What is the remainder when 139492 is divided by 79?
57
Calculate the remainder when 8369 is divided by 113.
7
Calculate the remainder when 5220 is divided by 1714.
78
Calculate the remainder when 9774 is divided by 1209.
102
Calculate the remainder when 195603 is divided by 3260.
3
What is the remainder when 22602 is divided by 2256?
42
Calculate the remainder when 38200 is divided by 13.
6
Calculate the remainder when 83254 is divided by 537.
19
Calculate the remainder when 89253 is divided by 9913.
36
Calculate the remainder when 19176 is divided by 151.
150
Calculate the remainder when 5019 is divided by 1252.
11
Calculate the remainder when 3770 is divided by 77.
74
What is the remainder when 13856 is divided by 1075?
956
What is the remainder when 1014 is divided by 978?
36
What is the remainder when 28504 is divided by 39?
34
What is the remainder when 33380 is divided by 491?
483
What is the remainder when 1384283 is divided by 841?
838
Calculate the remainder when 2669 is divided by 33.
29
What is the remainder when 45625 is divided by 15051?
472
What is the remainder when 139888 is divided by 1358?
14
What is the remainder when 2450 is divided by 6?
2
What is the remainder when 18647 is divided by 424?
415
What is the remainder when 22152 is divided by 11?
9
Calculate the remainder when 2801471 is divided by 48.
47
What is the remainder when 13411 is divided by 86?
81
Calculate the remainder when 8777 is divided by 4147.
483
Calculate the remainder when 17214 is divided by 4251.
210
Calculate the remainder when 25075 is divided by 24.
19
Calculate the remainder when 5991 is divided by 64.
39
Calculate the remainder when 6404 is divided by 1588.
52
What is the remainder when 6215 is divided by 1532?
87
What is the remainder when 198128 is divided by 49520?
48
What is the remainder when 194884 is divided by 81?
79
Calculate the remainder when 8900 is divided by 4450.
0
Calculate the remainder when 3969 is divided by 627.
207
What is the remainder when 4402 is divided by 66?
46
What is the remainder when 3008 is divided by 3001?
7
What is the remainder when 1869476 is divided by 108?
104
What is the remainder when 19822 is divided by 34?
0
What is the remainder when 1802001 is divided by 28?
5
What is the remainder when 775 is divided by 195?
190
What is the remainder when 1764711 is divided by 8?
7
Calculate the remainder when 38069 is divided by 907.
882
Calculate the remainder when 24688 is divided by 30.
28
What is the remainder when 10918 is divided by 483?
292
What is the remainder when 7485 is divided by 67?
48
Calculate the remainder when 12950 is divided by 12934.
16
What is the remainder when 16755 is divided by 109?
78
Calculate the remainder when 47711 is divided by 415.
401
What is the remainder when 60295 is divided by 3013?
35
What is the remainder when 1213761 is divided by 82?
79
Calculate the remainder when 39752 is divided by 21.
20
What is the remainder when 12407 is divided by 46?
33
What is the remainder when 63511 is divided by 12700?
11
Calculate the remainder when 18658 is divided by 8.
2
Calculate the remainder when 40398 is divided by 985.
13
Calculate the remainder when 30775 is divided by 228.
223
Calculate the remainder when 2702 is divided by 168.
14
What is the remainder when 589715 is divided by 21?
14
Calculate the remainder when 1645 is divided by 268.
37
Calculate the remainder when 199130 is divided by 54.
32
What is the remainder when 4647 is divided by 101?
1
What is the remainder when 1463963 is divided by 106?
103
What is the remainder when 5751 is divided by 147?
18
What is the remainder when 6357 is divided by 1775?
1032
Calculate the remainder when 11940 is divided by 124.
36
Calculate the remainder when 48877 is divided by 9.
7
What is the remainder when 386215 is divided by 46?
45
What is the remainder when 120 is divided by 87?
33
What is the remainder when 259559 is divided by 10?
9
Calculate the remainder when 10337 is divided by 27.
23
What is the remainder when 546 is divided by 17?
2
Calculate the remainder when 14443 is divided by 316.
223
Calculate the remainder when 10550 is divided by 391.
384
Calculate the remainder when 8223 is divided by 8222.
1
Calculate the remainder when 19110 is divided by 6362.
24
What is the remainder when 96521 is divided by 122?
19
What is the remainder when 99695 is divided by 16613?
17
Calculate the remainder when 3101 is divided by 3058.
43
What is the remainder when 15920 is divided by 5?
0
What is the remainder when 79523 is divided by 21?
17
Calculate the remainder when 7626 is divided by 1904.
10
What is the remainder when 161085 is d